the remainder when 334057 is divided by 1352.
113
What is the remainder when 1548997 is divided by 9?
7
Calculate the remainder when 4829791 is divided by 1207445.
11
Calculate the remainder when 3923963 is divided by 3042.
2825
What is the remainder when 2003717 is divided by 488?
477
Calculate the remainder when 2937608 is divided by 1074.
218
Calculate the remainder when 21700135 is divided by 146.
9
Calculate the remainder when 56659844 is divided by 19116.
20
Calculate the remainder when 32629 is divided by 96.
85
Calculate the remainder when 237083 is divided by 236216.
867
Calculate the remainder when 3325304 is divided by 323.
19
Calculate the remainder when 40263302 is divided by 575.
77
Calculate the remainder when 7359131 is divided by 29087.
120
Calculate the remainder when 13022227 is divided by 18764.
11
Calculate the remainder when 102849329 is divided by 46.
45
Calculate the remainder when 97539 is divided by 2438.
19
What is the remainder when 6366739 is divided by 55?
49
What is the remainder when 38772 is divided by 279?
270
What is the remainder when 111030823 is divided by 57?
10
Calculate the remainder when 673531147 is divided by 943.
941
Calculate the remainder when 26618477 is divided by 16.
13
Calculate the remainder when 221846 is divided by 91.
79
What is the remainder when 2194806 is divided by 1097400?
6
Calculate the remainder when 207782 is divided by 41378.
892
Calculate the remainder when 64508 is divided by 1195.
1173
Calculate the remainder when 1687259 is divided by 421777.
151
What is the remainder when 580854 is divided by 186?
162
What is the remainder when 10970464 is divided by 92?
16
Calculate the remainder when 619091 is divided by 56242.
429
Calculate the remainder when 820414 is divided by 136663.
436
What is the remainder when 16419131 is divided by 5035?
5031
What is the remainder when 975768 is divided by 4668?
156
Calculate the remainder when 46278 is divided by 3611.
2946
What is the remainder when 112164 is divided by 112119?
45
Calculate the remainder when 613276 is divided by 230.
96
What is the remainder when 836313 is divided by 7336?
9
Calculate the remainder when 16503177 is divided by 5501039.
60
Calculate the remainder when 1173401 is divided by 293305.
181
What is the remainder when 428068 is divided by 55?
3
What is the remainder when 980294 is divided by 715?
29
Calculate the remainder when 12923616 is divided by 2584706.
86
Calculate the remainder when 23746529 is divided by 33.
26
What is the remainder when 67682779 is divided by 11280461?
13
Calculate the remainder when 233449 is divided by 3029.
216
What is the remainder when 161738 is divided by 547?
373
What is the remainder when 726604 is divided by 711?
673
What is the remainder when 26670085 is divided by 6667506?
61
Calculate the remainder when 33777 is divided by 31157.
2620
What is the remainder when 15642780 is divided by 117?
114
Calculate the remainder when 30263115 is divided by 453.
450
What is the remainder when 127226 is divided by 63555?
116
What is the remainder when 457959280 is divided by 113?
112
Calculate the remainder when 281593 is divided by 140684.
225
What is the remainder when 406562 is divided by 1283?
1134
Calculate the remainder when 4778830 is divided by 233.
0
Calculate the remainder when 333234 is divided by 4628.
18
What is the remainder when 7959210 is divided by 265307?
0
Calculate the remainder when 7472002 is divided by 7471783.
219
What is the remainder when 3155528 is divided by 31874?
2
What is the remainder when 42016 is divided by 470?
186
Calculate the remainder when 23889995 is divided by 2500.
2495
What is the remainder when 212424045 is divided by 14930?
5
What is the remainder when 391492 is divided by 10260?
1612
Calculate the remainder when 833774 is divided by 326.
192
Calculate the remainder when 4221495 is divided by 469044.
99
What is the remainder when 114554118 is divided by 38184706?
0
Calculate the remainder when 41521 is divided by 6671.
1495
What is the remainder when 54383972 is divided by 6797994?
20
Calculate the remainder when 9015556 is divided by 79.
76
What is the remainder when 2904122 is divided by 110?
12
What is the remainder when 270215306 is divided by 90071765?
11
Calculate the remainder when 645442 is divided by 673.
35
What is the remainder when 272457 is divided by 988?
757
Calculate the remainder when 10736262 is divided by 2552.
2550
What is the remainder when 7037485 is divided by 3518677?
131
What is the remainder when 29638804 is divided by 4939799?
10
What is the remainder when 2136480472 is divided by 6511?
6509
Calculate the remainder when 86164 is divided by 625.
539
What is the remainder when 20627911 is divided by 155097?
10
What is the remainder when 319296 is divided by 134?
108
Calculate the remainder when 35040 is divided by 8729.
124
What is the remainder when 1303882 is divided by 96?
10
Calculate the remainder when 2778113 is divided by 146216.
9
What is the remainder when 303313 is divided by 15880?
1593
What is the remainder when 395443 is divided by 149?
146
Calculate the remainder when 15798009 is divided by 29.
27
Calculate the remainder when 53043 is divided by 389.
139
What is the remainder when 540219 is divided by 135038?
67
Calculate the remainder when 51772 is divided by 1618.
1614
Calculate the remainder when 6804584 is divided by 295850.
34
What is the remainder when 33352 is divided by 2738?
496
Calculate the remainder when 47624 is divided by 1754.
266
What is the remainder when 2637829 is divided by 879265?
34
What is the remainder when 10467549 is divided by 1450?
1449
What is the remainder when 2549868 is divided by 405?
393
What is the remainder when 2801746 is divided by 3551?
7
What is the remainder when 1225033 is divided by 3090?
1393
Calculate the remainder when 21059367 is divided by 194994.
15
Calculate the remainder when 2053331 is divided by 77.
49
Calculate the remainder when 2307841 is divided by 536.
361
What is the remainder when 438473601 is divided by 146157866?
3
What is the remainder when 13951312 is divided by 4463?
4437
What is the remainder when 66248 is divided by 33078?
92
What is the remainder when 1502264 is divided by 1533?
1457
What is the remainder when 7058031 is divided by 8207?
11
Calculate the remainder when 30732561 is divided by 5122093.
3
Calculate the remainder when 1702796 is divided by 1702702.
94
Calculate the remainder when 560563 is divided by 276.
7
What is the remainder when 7472675 is divided by 790?
65
What is the remainder when 121697 is divided by 2168?
289
What is the remainder when 1101608 is divided by 254?
10
Calculate the remainder when 22597 is divided by 3183.
316
Calculate the remainder when 58498 is divided by 8325.
223
What is the remainder when 747703 is divided by 186919?
27
What is the remainder when 208818399 is divided by 3044?
3043
Calculate the remainder when 1227321314 is divided by 10515.
10514
What is the remainder when 3130195 is divided by 260848?
19
Calculate the remainder when 4532772 is divided by 82.
58
Calculate the remainder when 216929 is divided by 3387.
161
What is the remainder when 1822502 is divided by 8933?
170
Calculate the remainder when 46323431 is divided by 51758.
21
Calculate the remainder when 26274646 is divided by 234595.
6
Calculate the remainder when 5944738 is divided by 65.
33
What is the remainder when 3277790 is divided by 534?
98
What is the remainder when 1330424 is divided by 2795?
4
What is the remainder when 180931 is divided by 1546?
49
What is the remainder when 49125348 is divided by 1321?
0
What is the remainder when 5942256 is divided by 742781?
8
What is the remainder when 148858 is divided by 2510?
768
What is the remainder when 1032479 is divided by 853?
349
Calculate the remainder when 3048442 is divided by 512.
506
Calculate the remainder when 910541 is divided by 227628.
29
Calculate the remainder when 454123 is divided by 672.
523
Calculate the remainder when 4794082 is divided by 2397.
82
Calculate the remainder when 61744012 is divided by 656.
636
Calculate the remainder when 7431979 is divided by 811.
786
What is the remainder when 1677234 is divided by 6?
0
Calculate the remainder when 56947 is d